the remainder when 502 is divided by 21.
19
What is the remainder when 822467 is divided by 13055?
2
Calculate the remainder when 1213932 is divided by 33.
27
Calculate the remainder when 3342 is divided by 186.
180
What is the remainder when 337040 is divided by 19?
18
What is the remainder when 1369246 is divided by 136923?
16
What is the remainder when 5420 is divided by 206?
64
Calculate the remainder when 89163 is divided by 154.
151
What is the remainder when 2194854 is divided by 36?
6
What is the remainder when 887 is divided by 875?
12
Calculate the remainder when 47764 is divided by 58.
30
Calculate the remainder when 3160516 is divided by 653.
649
Calculate the remainder when 22863 is divided by 7161.
1380
What is the remainder when 228 is divided by 84?
60
What is the remainder when 716 is divided by 169?
40
What is the remainder when 779 is divided by 68?
31
What is the remainder when 5149 is divided by 38?
19
What is the remainder when 18079 is divided by 96?
31
Calculate the remainder when 38177 is divided by 561.
29
What is the remainder when 80 is divided by 22?
14
What is the remainder when 1254 is divided by 143?
110
What is the remainder when 768 is divided by 260?
248
Calculate the remainder when 5212 is divided by 2492.
228
What is the remainder when 1099 is divided by 687?
412
What is the remainder when 583 is divided by 135?
43
What is the remainder when 1488 is divided by 1363?
125
What is the remainder when 12458 is divided by 3112?
10
What is the remainder when 59076 is divided by 1967?
66
Calculate the remainder when 4089 is divided by 35.
29
What is the remainder when 30490 is divided by 132?
130
Calculate the remainder when 5369 is divided by 69.
56
Calculate the remainder when 54262 is divided by 114.
112
Calculate the remainder when 343 is divided by 168.
7
Calculate the remainder when 29429 is divided by 3.
2
What is the remainder when 2478 is divided by 1238?
2
Calculate the remainder when 1552 is divided by 100.
52
Calculate the remainder when 9775 is divided by 60.
55
Calculate the remainder when 243 is divided by 189.
54
Calculate the remainder when 126046 is divided by 126035.
11
Calculate the remainder when 133508 is divided by 10.
8
What is the remainder when 2936 is divided by 64?
56
Calculate the remainder when 994 is divided by 331.
1
Calculate the remainder when 10994 is divided by 5491.
12
What is the remainder when 560434 is divided by 321?
289
What is the remainder when 28972 is divided by 2894?
32
What is the remainder when 14371 is divided by 892?
99
Calculate the remainder when 25374 is divided by 108.
102
Calculate the remainder when 295538 is divided by 147751.
36
What is the remainder when 72950 is divided by 113?
65
What is the remainder when 1739 is divided by 246?
17
Calculate the remainder when 182327 is divided by 2.
1
What is the remainder when 106760 is divided by 12?
8
What is the remainder when 191671 is divided by 19166?
11
Calculate the remainder when 837 is divided by 190.
77
Calculate the remainder when 4863 is divided by 202.
15
Calculate the remainder when 53596 is divided by 22.
4
Calculate the remainder when 31258 is divided by 31244.
14
What is the remainder when 30331 is divided by 20?
11
What is the remainder when 257503 is divided by 1716?
103
What is the remainder when 5102 is divided by 4438?
664
Calculate the remainder when 202250 is divided by 116.
62
Calculate the remainder when 19679 is divided by 155.
149
Calculate the remainder when 6761 is divided by 2231.
68
What is the remainder when 92561 is divided by 644?
469
Calculate the remainder when 33762 is divided by 32.
2
Calculate the remainder when 1918 is divided by 615.
73
Calculate the remainder when 279455 is divided by 20.
15
Calculate the remainder when 428762 is divided by 9.
2
What is the remainder when 3782 is divided by 204?
110
What is the remainder when 5497 is divided by 112?
9
What is the remainder when 1521029 is divided by 70?
69
Calculate the remainder when 28714 is divided by 221.
205
What is the remainder when 1151105 is divided by 711?
707
Calculate the remainder when 493014 is divided by 112.
102
Calculate the remainder when 59377 is divided by 10.
7
What is the remainder when 2785 is divided by 147?
139
Calculate the remainder when 135419 is divided by 18.
5
What is the remainder when 288833 is divided by 144407?
19
Calculate the remainder when 2955 is divided by 482.
63
Calculate the remainder when 2497 is divided by 278.
273
What is the remainder when 105126 is divided by 115?
16
Calculate the remainder when 2707 is divided by 114.
85
Calculate the remainder when 1253 is divided by 408.
29
What is the remainder when 8462 is divided by 144?
110
What is the remainder when 30577 is divided by 110?
107
What is the remainder when 184 is divided by 80?
24
What is the remainder when 3354 is divided by 515?
264
What is the remainder when 2726 is divided by 21?
17
What is the remainder when 723011 is divided by 281?
279
Calculate the remainder when 69395 is divided by 13876.
15
What is the remainder when 37345 is divided by 71?
70
What is the remainder when 7794 is divided by 229?
8
What is the remainder when 73820 is divided by 4916?
80
What is the remainder when 18891 is divided by 1346?
47
Calculate the remainder when 408249 is divided by 4536.
9
What is the remainder when 1157040 is divided by 192835?
30
Calculate the remainder when 104023 is divided by 91.
10
Calculate the remainder when 3351 is divided by 187.
172
What is the remainder when 8578 is divided by 1422?
46
Calculate the remainder when 44713 is divided by 8934.
43
What is the remainder when 5203 is divided by 274?
271
What is the remainder when 5071 is divided by 75?
46
Calculate the remainder when 1017 is divided by 183.
102
Calculate the remainder when 497987 is divided by 44.
39
What is the remainder when 4435 is divided by 338?
41
What is the remainder when 129403 is divided by 16?
11
What is the remainder when 144178 is divided by 42?
34
Calculate the remainder when 10013 is divided by 4570.
873
Calculate the remainder when 12502 is divided by 202.
180
What is the remainder when 8283 is divided by 2070?
3
What is the remainder when 143318 is divided by 101?
100
Calculate the remainder when 395847 is divided by 50.
47
What is the remainder when 292062 is divided by 373?
3
Calculate the remainder when 655487 is divided by 110.
107
What is the remainder when 868786 is divided by 1717?
1701
Calculate the remainder when 706970 is divided by 1159.
1139
Calculate the remainder when 134261 is divided by 97.
13
Calculate the remainder when 32332 is divided by 20.
12
Calculate the remainder when 192094 is divided by 348.
346
What is the remainder when 7912 is divided by 24?
16
Calculate the remainder when 268782 is divided by 118.
96
Calculate the remainder when 3866 is divided by 2832.
1034
What is the remainder when 2685 is divided by 490?
235
What is the remainder when 633200 is divided by 22614?
8
What is the remainder when 8513 is divided by 8?
1
Calculate the remainder when 4013 is divided by 781.
108
What is the remainder when 51446 is divided by 8574?
2
What is the remainder when 24463 is divided by 556?
555
Calculate the remainder when 1006 is divided by 167.
4
What is the remainder when 156256 is divided by 18?
16
What is the remainder when 15982 is divided by 1748?
250
What is the remainder when 1689478 is divided by 10?
8
Calculate the remainder when 26106 is divided by 5216.
26
Calculate the remainder when 90779 is divided by 102.
101
What is the remainder when 95081 is divided by 18?
5
Calculate the remainder when 9208 is divided by 152.
88
Calculate the remainder when 70352 is divided by 22.
18
Calculate the remainder when 496135 is divided by 691.
688
Calculate the remainder when 22995 is divided by 1045.
5
What is the remainder when 5116 is divided by 56?
20
Calculate the remainder when 10553 is divided by 1755.
23
Calculate the remainder when 4155 is divided by 146.
67
Calculate the remainder when 807517 is divided by 70.
67
What is the remainder when 44287 is divided by 27?
7
What is the remainder when 6223 is divided by 67?
59
What is the remainder when 37723 is divided by 770?
763
Calculate the remainder when 19